10). Let v(d) = -d - 12. Calculate v(c).
-8
Let m(t) = -3*t - 25. Let p be m(-11). Let d(b) = -7 + 0 + 0*b + b. Let o be d(p). Let l(c) = -4*c**2 - c + 1. Calculate l(o).
-4
Let t(p) be the third derivative of -p**8/20160 - p**7/2520 - p**6/360 - 4*p**5/15 + 26*p**2. Let y(o) be the third derivative of t(o). Determine y(-3).
-5
Let h(t) = -t + 11. Suppose 552 = 27*y + 336. Calculate h(y).
3
Suppose w + 4*p - 7 = 2*p, 4*p - 8 = 0. Let d(s) = 55 - s + 6*s**2 - 2*s**3 - 58 + s**w. Let j(b) = -b**3 - 2*b**2 - 4*b - 2. Let i be j(-2). What is d(i)?
-9
Let j(y) be the third derivative of -y**4/24 + y**3 - 25*y**2 + 4. What is j(0)?
6
Let b(j) = j - 1. Let o(g) be the first derivative of -g**2/2 - 20. Let q(t) = -3*b(t) - 4*o(t). Determine q(-6).
-3
Suppose 2*c + 1 = -1. Suppose 0 = -2*h + 6 + 2. Let f(v) = 13 - 2*v**2 - v + 10 + h*v**3 - 23. What is f(c)?
-5
Let p(a) = -2*a**3 + 25*a**2 - 4*a + 2. Let q(r) = -r**3 + 13*r**2 - 2*r. Let w(o) = 6*p(o) - 11*q(o). Give w(7).
-2
Let a be (-6)/(-9) + (-19)/(-3). Let z be (-4)/2 + a + 0. Let i(m) = -z*m - 1 - 2 + m**2 + 0. What is i(6)?
3
Let w(q) = 3*q**2 + 23*q + 9. Let x(l) = 2*l**2 + 12*l + 5. Let o(p) = -4*w(p) + 7*x(p). What is o(6)?
23
Let c(a) = -121 + 2*a**2 + 3*a - 2*a - 127 + a**3 + 247. Give c(3).
47
Let h(m) = 3 - 4 + m**2 + 5*m - m**3 + 4*m**2. Let q be 9/(-12) - 153/(-12). Let z be 28/5 + q/30. Calculate h(z).
-7
Let g(j) = 3*j**3 + j**2 + j. Let t(a) = -a**2 - 5*a + 6. Let o be t(-6). Suppose -10*v - 11 - 9 = o. Determine g(v).
-22
Let d(t) = 2*t**3 - 9*t**2 - 11*t - 5. Let k(z) = -z**3 + z + 1. Let u = -58 + 59. Let s(j) = u*d(j) + 3*k(j). What is s(-8)?
-2
Let u(f) = -f**3 + 10*f**2 + 17*f - 2. Let n(g) = g**3 - g**2 - 2*g - 1. Let x(d) = 2*n(d) + u(d). Give x(-6).
-10
Let x(c) = -2*c + 28*c**2 + 0*c + 2 - 43*c**2 + c. Calculate x(1).
-14
Let z = -215 + 203. Let v(x) = -x**3 - 11*x**2 + 12*x - 10. Determine v(z).
-10
Let m(w) = 6*w**2 - 89*w + 80. Let d(f) = -f**2 + 18*f - 16. Let b(i) = 11*d(i) + 2*m(i). What is b(-21)?
5
Let x(u) = -u**2 - u + 1. Suppose -2*i = -5*t + 10, 3*t + 3 = -0*i + 3*i. Give x(i).
-29
Let d(f) = f**2 - 5*f - 1. Suppose g - 10 = -2*v - g, 4*g = 4. Calculate d(v).
-5
Let l(z) be the third derivative of 7*z**6/60 - z**5/60 + 10*z**2. Suppose 3*w - 4*x = 1, -3*x = -4*w - 1 - 0. Calculate l(w).
-15
Let h(w) be the third derivative of w**5/60 + w**4/4 - 5*w**3/6 - 51*w**2 - 1. Determine h(-6).
-5
Let h(j) = 8 + 3*j**2 - 2*j**2 + 8 + 14 - 12. Suppose 5*o - 4*z - 19 = 0, -4*z - 16 = -3*o - o. Suppose -o*w = w. Calculate h(w).
18
Let a(m) = -4*m - 6. Let s(l) be the third derivative of 3*l**4/8 + 13*l**3/6 - 6*l**2. Let b(k) = 7*a(k) + 3*s(k). What is b(5)?
-8
Suppose 11*c = 9*c + 6. Let w(a) = -495 - 2*a**3 - 3*a**2 + 496 + a**c. Calculate w(-3).
1
Let x(k) = -5*k + 53*k**3 + 3*k**2 - 4 + 58*k**3 - 110*k**3. Calculate x(-4).
0
Suppose -4*i - 1 + 17 = -3*h, i = -2*h - 18. Let m(l) be the second derivative of -l**3/6 - 7*l**2/2 - 343*l. What is m(h)?
1
Suppose 18 + 90 = 36*g. Let t(w) be the first derivative of 0*w**2 + 1/4*w**4 + 5/3*w**g + 6 + 7*w. Give t(-5).
7
Let v(p) = -6*p**2 + 28*p - 4. Let k(b) = -5*b**2 + 26*b - 5. Let h(t) = 7*k(t) - 6*v(t). Calculate h(-13).
-24
Let s(b) = b**3 + 16*b**2 + 26*b - 28. Let g be s(-14). Let k(u) = -u**3 + u**2 - 2*u - 6. Determine k(g).
-6
Suppose 0 = 5*x + 9 - 34. Let a(v) = -3*v + 3*v + 4*v - 3*v + x. Let m be (11 + 1)*4/(-8). What is a(m)?
-1
Suppose 7*m - 40 = 2*m. Suppose 10 = -6*d + m*d. Let x(c) = -c + d*c - 3*c + 0*c. What is x(3)?
3
Let h(z) be the first derivative of -z + 2*z**2 + 14 + 1/3*z**3. Calculate h(-3).
-4
Let u(w) = 2*w**2 + 5*w - 4. Let d = 34 - 38. What is u(d)?
8
Let s(j) = -6*j - 5. Let u(x) = -x. Let i(q) = -3*q. Let p(h) = 2*i(h) - 5*u(h). Let v be 1 - (4/(-6) + 8/3). Let d(l) = v*s(l) + 3*p(l). Calculate d(-5).
-10
Let d(j) = -3*j + 3 + 2*j + 0*j - 7 - 6. Determine d(-9).
-1
Let a(p) = p**2 + 6*p + 2. Let j be a(-6). Let l(s) = s**j + 7*s - 10*s + 1 + 9*s. Determine l(-7).
8
Let a(l) be the second derivative of -l**5/20 + 2*l**4/3 + 5*l**3/3 + 125*l. Give a(9).
9
Let b(q) = -6*q - 3. Let z be (-4)/20 + 812/(-140). Give b(z).
33
Let g = 968 - 958. Let m(b) = 4*b - 24. What is m(g)?
16
Suppose -2*t - 42 = -0. Let l = t + 25. Let f(s) be the third derivative of -s**4/24 - s**3/3 + 2*s**2. Determine f(l).
-6
Suppose 2*g = -3*r + 7*r + 14, g + 5*r = 7. Let c be 1*(-4 + g) - 8. Let a(n) = -n**2 - 6*n - 1. What is a(c)?
4
Let f(v) be the third derivative of -v**4/8 - v**3/6 + 2*v**2 + 43*v. Let o(l) = -l**3 - 5*l**2 - 2. Let g be o(-5). Determine f(g).
5
Let f = 1 - -2. Suppose 5*b = 1 + 9. Let w(v) = v**3 + b*v**2 - 2 - 1 - 4*v**2. Determine w(f).
6
Let d(j) = j + 2. Let i be (-45)/(-18)*(-4)/5. What is d(i)?
0
Let j(p) = 11*p**2 + 2*p - 1. Suppose 2*k + 3*w + 3 = 0, 2*w = -3*k + 3*w - 32. Let t(y) = -45*y**2 - 8*y + 5. Let f(h) = k*j(h) - 2*t(h). Calculate f(-1).
-8
Let a(r) = -r**3 + 6*r**2 - 2*r + 9. Suppose -4*p = 38 + 34. Let i be (-6)/p - (-17)/3. Give a(i).
-3
Let u = -12 - -17. Suppose 4*q - 6 = -3*y, 5 = 2*y + 2*q + 1. Let o(l) = 2*l**3 + 2*l**3 - 5*l**y + 3*l**3 + 2*l - 6*l**3 - 7. Calculate o(u).
3
Suppose a = -4*z + 5*z, -3*a - 4 = z. Let m(v) = -6*v**3 - 2*v**2 + 1. Determine m(a).
5
Suppose -5*n = -16 - 44. Let z(k) = -n*k - k**3 + k**2 + 4*k + 7*k. Let x be z(0). Let l(o) = -o**2 + o + 1. Calculate l(x).
1
Let w(b) be the first derivative of b**3/3 - 2*b**2 + 2. Let x(z) = 4*z + 14. Let t be x(8). Let m = 50 - t. Determine w(m).
0
Suppose -17*z = 6*z - 2*z. Let a(l) be the third derivative of l**5/60 + l**4/24 + 17*l**3/6 - l**2. Determine a(z).
17
Let b be 1220/(-549) - (-3)/((-27)/(-2)). Let a(v) = -v**3 - 3*v**2 + 2*v + 1. Calculate a(b).
-7
Suppose 4*b + 15 = -k, -5*b + 5*k - 3*k - 9 = 0. Let y(q) = -2*q**3 - 3*q**2 + 3*q + 1. What is y(b)?
19
Let o(l) = 7*l + 55. Let t be o(-8). Suppose 0*f + 5*f + 20 = 4*y, -4*f - 15 = -3*y. Let r(i) = -3 - 4 - 9*i + 1 + y. What is r(t)?
8
Let d(q) = -1. Let j(h) = h**2 + 2*h + 6. Let x(t) = d(t) + j(t). Determine x(-5).
20
Suppose 7*q + 6 = 4*q. Let h be q/(-4)*(4 - -6). Let p(a) = 3 + 2 - 2*a - 2. What is p(h)?
-7
Suppose -5*w + 35 = 2*o, -2*o + 10 = -4*o. Suppose 0 = -11*p + w*p + 4. Let q(v) be the first derivative of -v**4/4 - v**3/3 + v**2 + 1. What is q(p)?
-8
Let j(g) = -g**3 - 2*g**2 - 4*g. Suppose 5*u + 15 = 5. Let s(h) = -h**3 + h**2 + h + 1. Let t(z) = u*s(z) + j(z). Calculate t(5).
-7
Let r(n) be the first derivative of n**4/4 - 2*n**3 + n + 9. Let a be 1/(((-21)/(-6))/7). Suppose -2*f - 5*u + 2 = 0, -a*f = 2*u + u - 6. Determine r(f).
1
Let w(s) = -2*s**3 - 5*s**2 + s. Let r(f) = -f**3 - 3*f**2 - 1. Let g(t) = 5*r(t) - 2*w(t). Let q = 12 + -17. What is g(q)?
5
Let x(j) = -5*j**3 + 6*j**2 + 2*j - 10. Let d(v) = v**3 + 1. Let k(m) = 6*d(m) + x(m). Let s be (-18)/99 + (-485)/55 + 4. Give k(s).
11
Let h(o) = -4*o**3 + 33*o**2 - 5*o - 19. Let x be h(8). Let s(f) = f**3 - 4*f**2 - 8*f + 10. Give s(x).
-5
Let n(k) = k**2 - 30*k - 73. Let i be n(32). Let o(w) = w + 10. Determine o(i).
1
Let b = 23 - -7. Let s = b - 27. Let g(n) = -n - 1. What is g(s)?
-4
Let m(o) = -4*o - 1. Let y = -37 + 27. Let d be (y/(-4))/((-3)/(-6)). Suppose d*k + 3 = 2*k. What is m(k)?
3
Let b(a) = -a + 1. Suppose m + 7 + 0 = 0. Let y = m + 12. Give b(y).
-4
Let c be (-15)/(-10) + (-369)/6. Let a = 64 + c. Let x(b) = -1 - 5*b**2 - 1 + 7 + 3*b + b**3. Calculate x(a).
1
Let c be (1 - -6)*1/((-35)/(-20)). Let m(l) = l**3 - 7*l**2 + 6*l. Determine m(c).
-24
Let t be (8/6)/((-18)/(-81)). Suppose -t*o - 2 + 8 = 0. Let u(b) = -8*b**2 + b. What is u(o)?
-7
Let o be 0*((-30)/9 + 3). Let h be o/(4/((-12)/(-3))). Let z(m) = -2*m + 6 + 0 + m**3 - 3*m + 4*m - m**2. What is z(h)?
6
Let l(p) be the first derivative of 14*p**3 + 131. Determine l(1).
42
Let a(z) = -2 + 7 - 3 + 4*z. Suppose -3*g - 4*i = -109, 4*g - i = g + 119. Let t = -43 + g. Give a(t).
-14
Let f(y) = -150*y + 4 - 156*y + 304*y - 1. Suppose 2*q + 3*q - 15 = 0. Determine f(q).
-3
Let w(u) = -9*u - 180*u**2 - 3 - 4 + 179*u**2. Let c(g) = g + 9. Let n be -2 + -14 - (-3 - -2). Let r be c(n). Give w(r).
11
Let g(c) be the second derivative of -c**7/840 + c**6/90 - c**5/30 + c**4/6 - c**3/2 - c. Let b(y) be the second derivativ